se 4 - 13 = -x*n + 3*v, 0 = -n - 2*v + 7. Suppose -5*y = -0*y + n*o - 1105, 2*y - o = 431. Is y prime?
False
Let u(q) be the first derivative of q**3/3 - q**2/2 + 21*q - 14. Is u(-10) a prime number?
True
Let z = 61014 - 34213. Is z a composite number?
False
Let w(o) = -46*o**3 - 11*o**2 - 17*o - 61. Is w(-7) a prime number?
False
Suppose 2 = r - 2, z = -3*r + 10. Is -4 - (4 + -159 - z) composite?
False
Suppose r + o - 6 = 0, 0 = 2*r - 3*r - 3*o + 10. Let t = 10 - r. Let s(u) = 2*u**3 - 8*u**2 + 2*u + 1. Is s(t) prime?
True
Suppose 0 + 8 = 2*f. Suppose -5*z + 3 + 16 = -n, -f*n = 2*z - 12. Let d = n - -6. Is d composite?
False
Suppose 23*y - 5447 = 10*y. Is y prime?
True
Suppose -3*n + 2*m + 35001 = 0, 1716 + 21602 = 2*n + 4*m. Is n prime?
False
Suppose -533 = -5*g + 2*m - 64, -4*m = -12. Suppose 83 = o + 4*x, 5*o - 447 = x - g. Is o composite?
False
Suppose -3*o - 37 = -4*u, -4*u = 8*o - 7*o - 57. Suppose -u*k = -k - 25224. Is k composite?
True
Let x(v) = -711*v**2 + 10*v + 5. Let a be x(5). Let f be (-1)/3 + a/(-15). Let s = f - 592. Is s a prime number?
False
Suppose 0 = -k + 6 - 9, 3*p = 2*k + 1143. Is p prime?
True
Suppose -c + 9 = 2*c. Suppose 18 = c*x - 3. Is x prime?
True
Let l(i) = -i + 23. Let x be l(21). Suppose -12*h = x*h - 32228. Is h a prime number?
False
Suppose -o + 5*q = 23, q - 2*q = -5. Suppose -5*r - 5*i = -610, 5*r - 607 = o*i - 4*i. Is r a prime number?
False
Let m = -4289 + 6595. Is 0 + (m - 1) - (-9 + 5) composite?
False
Let n(b) be the second derivative of -2*b**3/3 - 9*b**2/2 - 6*b. Let r be n(12). Let z = -32 - r. Is z a composite number?
True
Is 3/(3*-7) + (-378300)/(-42) a prime number?
True
Is 7006260/368 - 3/(-12)*1 a prime number?
False
Let z be ((-2)/2)/1*(378 + 2). Let c = z + 967. Is c a composite number?
False
Let c(n) = 318*n + 5. Is c(4) a composite number?
False
Let d(s) = s**2 - 11*s - 7. Suppose 4*f - 2*f - 24 = 0. Let z be d(f). Suppose x + 166 = a + 6*x, 804 = z*a - x. Is a a prime number?
False
Let a = 185751 - 107884. Is a a prime number?
True
Let d(g) = g**2 + g. Let u(y) = y - 2. Let r be u(4). Let k be d(r). Suppose 4*n - 3*f - 384 = -42, -3*f + k = 0. Is n a composite number?
True
Let i(c) = -11377*c - 8. Is i(-1) a prime number?
True
Suppose -6*g + 121938 = 17346. Is g/(-16)*(-2)/(-3)*-3 a composite number?
False
Suppose -4 = -d - 2*g + 4*g, 5*d - 20 = -3*g. Suppose -1186 = -2*j - 3*u, -j = -d*u + 6*u - 595. Is j prime?
True
Let c = 21418 + -14027. Is c composite?
True
Is (-34912)/(-48)*30/4 a prime number?
False
Suppose 13 = 3*m - 4*l, 9*m - 43 = 4*m - 4*l. Suppose p - m = -6*q + q, -2*q + 8 = 3*p. Suppose 4*r + 5*c - 596 = 2*r, -4*c = -p*r + 614. Is r a prime number?
False
Let d(w) = -w + 3. Let u be d(5). Let f(c) = -2*c**2 + c - 1. Let o be f(u). Let q(p) = p**3 + 10*p**2 - 12*p - 4. Is q(o) a composite number?
False
Let r = -57 + 59. Suppose 3*y = -2*g + 2639, r*g + 275 + 4118 = 5*y. Is y prime?
False
Is (-2 - -216)/(1005/(-145) - -7) prime?
False
Suppose -7*j + 35 = -0*j. Let u(d) = 4*d**3 - 7*d**2 + 6. Is u(j) a composite number?
False
Let q(b) = b**2 - 7 + 0 + 6*b**2 - b**3 - 4*b. Let v be q(6). Suppose 3*z = -v*a + 116, 2*a + 4*z = -3*a + 113. Is a a composite number?
True
Suppose 9*t - 6777 = 3312. Is t a prime number?
False
Is 9 + (-19)/(95/(-12810)) prime?
False
Let y be (-10)/35 + (-111)/(-21) + -2. Suppose -13211 = -y*j - 8*j. Is j prime?
True
Let n be 15/12*8/(-20)*-8. Suppose c - 4*w - 26 = 88, -n*w - 650 = -5*c. Is c a prime number?
False
Let l = 223 + 297. Let m = l - 111. Is m a prime number?
True
Let i(q) = 4*q + 2. Let t be i(5). Suppose c - t + 11 = 0. Is c prime?
True
Suppose -8*b = -0*b - 52376. Is b prime?
True
Let h(d) = d**3 - 6*d**2 - d + 8. Let l be h(6). Let m be (-7 + 6)*l*5. Let y = m + 159. Is y prime?
True
Suppose -5*y - 6 - 4 = -5*i, -2*i = -4. Let d = 128 - -339. Suppose -2*z - 4*b + 288 = y, -5*z - 2*b + 245 = -d. Is z a prime number?
False
Let l(x) be the first derivative of 2*x**2 + 616*x + 169*x - 30 + 39. Is l(0) a composite number?
True
Let y(w) = -2*w + 2*w + w**2 + 3*w - 2*w. Let c be y(0). Suppose c = 4*g - 2*g - 130. Is g composite?
True
Let j(f) = -2*f**3 + 29*f**2 + 17*f - 1. Is j(-7) composite?
False
Let l be 6/4 - 150/(-20). Suppose -6*p + 3*p = l. Is (-2 + (-1407)/p)*1 composite?
False
Let q(w) be the third derivative of w**6/120 - w**5/60 + 2*w**3/3 - 3*w**2. Let g be q(-4). Let i = 1 - g. Is i composite?
True
Let d = -62 + 675. Is d a composite number?
False
Suppose -2*z - 14 = -34. Let u(q) = q**2 + 8*q - 4. Let d be u(z). Let v = 375 - d. Is v prime?
True
Let l = -355 + 2324. Is l composite?
True
Suppose -5*c - 16 + 6 = 3*r, -8 = -4*r + 4*c. Suppose 4*x + 5*l - 567 = 782, r = 2*x + 5*l - 667. Is x a prime number?
False
Suppose -2*f - 4843 = -z + 21244, 3*f + 78246 = 3*z. Is z a prime number?
False
Let v = 117417 + -81248. Is v prime?
False
Let f(i) = -10*i**3 - 15*i**2 - 40*i + 26. Is f(-15) prime?
False
Let t be 4/6*(-30318)/(-4). Suppose -3*x - 4*u = -u - 3033, -4*u = 5*x - t. Is x composite?
False
Suppose 63 = -o - 59. Let c = -426 + 418. Is (o + 4)*4/c composite?
False
Suppose -3*z + y = -7, 4*z - 5*y + 2*y = 11. Suppose 2*v + 2*i = 1540, 6*v + i - 3083 = z*v. Is v a composite number?
True
Let i(m) = m**3 - 3*m**2 - 4*m - 1. Let u be i(4). Let a be u + ((-4)/(-4) - -79). Suppose -34 = -2*d + p - 2*p, -p + a = 5*d. Is d prime?
False
Suppose 3226 + 70 = -3*n - 2*w, -2*n - 2184 = -2*w. Let l = n - -1775. Is l composite?
True
Suppose 0*b + 48 = 4*m + 3*b, 2*m = -3*b + 24. Suppose f + m = 3*f. Suppose -f = -2*l + 16. Is l composite?
False
Suppose -76 = -3*w + 5. Suppose -7*y + w = -4*y. Is (57/9)/(1/y) a prime number?
False
Is (7 - -1)/8*6117 a composite number?
True
Let o be (24/18)/(4/18). Suppose o*u = u + 8795. Is u a prime number?
True
Suppose 5*w = k - 7, -w - 2 = w. Suppose 94 = k*n - 352. Is n composite?
False
Let p(o) = 8*o**3 + 4*o**2 + 7*o - 2. Suppose 3*d + 2*r + 29 - 10 = 0, 0 = -3*d + 2*r - 11. Let y be p(d). Let b = y - -1590. Is b a prime number?
True
Let f = 66 + -59. Suppose 0 = f*c + 686 - 4207. Is c a prime number?
True
Suppose -2*w - 3*i + 283 = 0, w + 392 = 4*w - 2*i. Suppose -464 - w = -v + 3*u, 2*v = 2*u + 1216. Is v a composite number?
False
Suppose -4 = -2*h, 4*l - 164 = -0*l + 2*h. Suppose 0 = 5*v + 15, 3*v = 2*t - 3*t - 94. Let s = l - t. Is s a composite number?
False
Suppose -2*r - v - 16 = -3*v, -2 = r + 2*v. Is 2/r*3 + 852 + 0 prime?
False
Suppose -8 = -6*i + 52. Let f be (2 + 1686)/(i/5). Suppose 0*n - f = -4*n. Is n prime?
True
Let h be 21/(-49) + 38/7. Suppose 3*j - 55 = h*b, 4*j - 36 = 2*j + 4*b. Suppose 0 = a - 51 - j. Is a prime?
True
Suppose 0 = -4*d + 4. Let s be 508 + 4 + (-3 - d). Is (-2)/4*s/(-2) prime?
True
Let f(s) = s - 4. Let l be f(2). Let x = 9 + l. Let d(b) = 52*b - 9. Is d(x) prime?
False
Suppose -5*k + k - 16 = 0. Let r be -39*(140/15)/(-7). Is r*(15/k)/(-5) composite?
True
Is 248920/600 + 4/30 prime?
False
Let i = 57 + -39. Let m be 2603/9 - 4/i. Suppose d - m = f - 4*f, -10 = 5*d. Is f a prime number?
True
Suppose 0 = 9*w - 41*w + 47264. Is w composite?
True
Let u = -10345 + 17562. Is u a composite number?
True
Let t(x) = x**2 + 5. Let z be t(0). Suppose 5 = -z*r - 0. Is (5/r)/(9/(-531)) prime?
False
Let v = 122 - 100. Let z be ((-6)/1)/2 + -1. Is (-846)/(-66) - z/v composite?
False
Let w(h) = 9*h**2 - 1. Let j be w(1). Let o = j + 11. Is o composite?
False
Suppose -19*h + 8*h + 6941 = 0. Is h a composite number?
False
Is 14/(560/(-30)) - 374277/(-12) prime?
True
Suppose -5*b - 915 = -10*b. Suppose -1291 = -2*x + b. Is x a composite number?
True
Let y be 2 - (10 - (0 - 0)). Suppose -570*p = -565*p - 48645. Is y/(-44) - p/(-33) composite?
True
Let f(m) = -58*m**3 - m**2 - 2. Let o be f(-2). Is -6*o/(-4) + -4 prime?
True
Let o = 234 + -3755. Is 7/((-98)/o) + 1/(-2) a composite number?
False
Let r be (1 - 6) + 9/3. Let n = r - -4. Suppose 5*l = 2*t + 639, -t = n - 0. Is l composite?
False
Suppose 2*i - 3*i = -1576. Let y = 2375 - i. Is y a prime number?
False
Let i(l) = -l**3 - 7 + 17 + 3*l**2 + 13*l**2 + 16 + 6*l. Is i(16) composite?
True
Let c(o) = 73*o - 4. Let m be c(3). Suppose -2*r = m + 401. Let y = r + 519. Is y composite?
False
Let c = 245 + 113. Let o(f) = 13*f**2 - f + 2. Let